d 194652?
36
What is the highest common divisor of 2691 and 5486?
13
What is the highest common factor of 415 and 839213?
83
Calculate the greatest common divisor of 305 and 20435.
305
Calculate the highest common divisor of 3290 and 470.
470
What is the greatest common divisor of 69 and 474237?
69
What is the highest common divisor of 252 and 6348?
12
What is the greatest common factor of 50 and 588500?
50
What is the greatest common divisor of 585020 and 30?
10
Calculate the greatest common divisor of 61 and 2579141.
61
Calculate the greatest common factor of 1735 and 381006.
347
What is the highest common factor of 207 and 279105?
69
Calculate the greatest common factor of 9 and 49008.
3
What is the highest common factor of 8 and 229812?
4
Calculate the highest common factor of 8250 and 6270.
330
What is the greatest common divisor of 354 and 373647?
177
What is the greatest common factor of 3472 and 17856?
496
Calculate the highest common factor of 7 and 280273.
7
Calculate the greatest common divisor of 138681 and 4617.
171
Calculate the greatest common factor of 209 and 78353.
11
Calculate the highest common divisor of 766191 and 1651.
127
What is the highest common divisor of 114 and 125704?
38
What is the highest common factor of 308223 and 1794?
69
What is the highest common factor of 28 and 35063?
7
Calculate the highest common divisor of 545 and 25.
5
Calculate the greatest common divisor of 66 and 4252578.
66
Calculate the highest common divisor of 3296 and 84151.
103
What is the highest common factor of 23249 and 201?
67
What is the greatest common factor of 80152 and 149120?
1864
What is the greatest common divisor of 4568 and 424?
8
What is the highest common divisor of 13824126 and 18?
18
Calculate the highest common factor of 6068 and 9840.
164
Calculate the greatest common factor of 118129 and 627.
11
What is the greatest common factor of 114838 and 134?
134
What is the highest common divisor of 1564012 and 372?
124
Calculate the greatest common factor of 6 and 8266.
2
Calculate the greatest common factor of 87345 and 165.
15
What is the highest common factor of 198960 and 960?
240
What is the greatest common factor of 156 and 1479647?
13
Calculate the greatest common divisor of 17226 and 36134.
58
Calculate the highest common factor of 3608 and 24272.
328
What is the highest common divisor of 7722 and 936?
234
Calculate the greatest common divisor of 1220 and 5230.
10
Calculate the greatest common divisor of 253 and 800538.
23
What is the highest common factor of 129402 and 24174?
1422
Calculate the greatest common factor of 11694 and 1968.
6
What is the greatest common factor of 46740 and 60420?
1140
Calculate the greatest common factor of 234 and 139.
1
What is the highest common divisor of 70511 and 289239?
1439
Calculate the highest common factor of 14317 and 515.
103
Calculate the greatest common divisor of 96 and 98352.
48
What is the highest common factor of 9273 and 7?
1
Calculate the greatest common divisor of 2070 and 67410.
90
Calculate the greatest common divisor of 1116 and 60388.
124
What is the highest common factor of 77 and 8351?
7
Calculate the greatest common divisor of 43033 and 69.
23
Calculate the highest common divisor of 1603010 and 2480.
310
What is the highest common factor of 3720 and 70215?
465
Calculate the highest common factor of 1617 and 67551.
33
Calculate the greatest common divisor of 3072 and 12032.
256
Calculate the highest common divisor of 168 and 113253.
21
Calculate the greatest common factor of 19800 and 1155.
165
Calculate the highest common factor of 3857 and 58957.
551
Calculate the greatest common divisor of 246 and 706758.
246
What is the highest common factor of 15717 and 5577?
507
What is the highest common factor of 4248 and 8685?
9
Calculate the greatest common divisor of 703590 and 9481.
499
Calculate the highest common factor of 1572 and 116852.
524
What is the highest common factor of 53061 and 552?
69
What is the greatest common divisor of 27 and 1098351?
9
Calculate the greatest common divisor of 251 and 237195.
251
Calculate the greatest common factor of 9460 and 6116.
44
Calculate the greatest common factor of 2301675 and 375.
75
Calculate the greatest common factor of 45 and 1114905.
15
Calculate the greatest common divisor of 1291887 and 207.
207
What is the highest common divisor of 4 and 82924?
4
Calculate the greatest common divisor of 74666 and 6142.
74
What is the highest common divisor of 451 and 27511?
451
What is the highest common factor of 354822 and 78?
78
What is the greatest common factor of 89404 and 5642?
434
Calculate the greatest common divisor of 1476 and 31037.
41
What is the greatest common factor of 6 and 392520?
6
Calculate the highest common divisor of 1626 and 493491.
813
What is the highest common divisor of 26300 and 2500?
100
Calculate the highest common factor of 1533 and 87.
3
What is the greatest common factor of 1276 and 144826?
638
Calculate the highest common factor of 34480 and 15.
5
Calculate the greatest common divisor of 34694 and 627.
209
Calculate the highest common factor of 53562 and 13899.
339
Calculate the greatest common divisor of 3672 and 53568.
216
Calculate the highest common factor of 656240 and 1040.
1040
What is the highest common factor of 3005592 and 732?
732
Calculate the greatest common factor of 1496 and 2112.
88
Calculate the highest common factor of 722 and 76.
38
What is the greatest common divisor of 71 and 7146221?
71
What is the greatest common divisor of 154 and 6886?
22
What is the greatest common divisor of 2006 and 227858?
118
What is the greatest common divisor of 256 and 302656?
64
What is the greatest common divisor of 3542 and 4991?
161
What is the greatest common divisor of 136 and 699924?
68
What is the greatest common factor of 49551 and 398?
199
Calculate the highest common divisor of 3926 and 130.
26
Calculate the highest common divisor of 5521584 and 111.
111
What is the highest common divisor of 945 and 6568506?
189
What is the greatest common factor of 52 and 841984?
52
What is the greatest common factor of 10080 and 700?
140
What is the highest common factor of 566 and 920033?
283
Calculate the greatest common factor of 3840 and 30240.
480
What is the greatest common factor of 1224 and 5052?
12
What is the highest common divisor of 1 and 5333?
1
What is the greatest common factor of 68 and 1062109?
17
Calculate the greatest common factor of 14602 and 4214.
98
What is the highest common factor of 1152413 and 17?
17
Calculate the highest common divisor of 1373925 and 175.
175
Calculate the greatest common divisor of 470 and 1767670.
470
What is the highest common factor of 205 and 2109245?
205
What is the greatest common divisor of 16744 and 920?
184
Calculate the greatest common divisor of 203 and 1183.
7
Calculate the highest common divisor of 5091093 and 378.
189
What is the highest common divisor of 2280 and 280?
40
Calculate the highest common factor of 48092 and 132.
44
Calculate the highest common factor of 5621 and 1001.
77
What is the highest common divisor of 84 and 559923?
21
Calculate the greatest common factor of 1428 and 283577.
119
Calculate the highest common factor of 313374 and 3161.
29
What is the highest common factor of 2156 and 9604?
196
Calculate the greatest common factor of 107763 and 204.
51
Calculate the highest common divisor of 81 and 490887.
27
Calculate the greatest common factor of 13972 and 644.
28
What is the highest common divisor of 4761534 and 8328?
2082
Calculate the greatest common factor of 32556 and 7.
1
Calculate the greatest common factor of 96 and 101604.
12
What is the greatest common divisor of 11940 and 72?
12
What is the greatest common divisor of 123 and 2267505?
123
Calculate the highest common divisor of 2832 and 120.
24
Calculate the greatest common factor of 210 and 98970.
30
Calculate the highest common factor of 2730 and 2419690.
910
What is the highest common factor of 6560 and 9922?
82
What is the highest common divisor of 35 and 2341080?
35
What is the greatest common factor of 99 and 69003?
99
What is the highest common factor of 188076 and 2436?
84
What is the greatest common divisor of 1186875 and 18?
9
What is the greatest c